 11, -4*t + i = -6*g + 3*g. Let z(x) = -2*x - 3. What is the units digit of z(t)?
3
Suppose -b = 4*g - 6, -2*b - 5*g = -0*b. Let k(t) = -2*t**2 - 4*t**2 - 1 - 11*t + 5*t**2 + 0*t**2. What is the units digit of k(b)?
9
Let d(j) be the first derivative of j**2 - 10*j - 3. What is the units digit of d(7)?
4
Let b be (-6)/(-21) + 37/(-7). Let r = -4 - b. Let m = 4 - r. What is the units digit of m?
3
Suppose 3*b + 185 = 2*x, -107 = -x + 2*b - 16. What is the tens digit of x?
9
Let d(j) = 2*j - 3. Let u be d(4). Suppose u*y = a + 7, 0 = -5*a + y + y + 11. What is the units digit of a?
3
Suppose -f = -0*f - 1. What is the units digit of f/(-4)*-4 + 1?
2
Let a(d) = d**2 - 6*d - 5. What is the units digit of a(10)?
5
Let b(a) = 11*a**2 - a - 6. What is the hundreds digit of b(4)?
1
Suppose -z - y - 4*y = -56, 2*z - 4*y - 168 = 0. Suppose w = -2*f - 2*f + z, -f + 19 = 4*w. What is the tens digit of f?
1
Let n(a) = 4*a + 4. Let d(f) = 20*f - 5. Let m(o) = -o. Let w(t) = -d(t) - 25*m(t). Let h(x) = 6*n(x) - 5*w(x). What is the units digit of h(-3)?
2
Suppose 12 = -3*q, -5*w = -q - 2*q + 68. Let x = w - -27. What is the units digit of x?
1
Suppose -2*p = -y - 6, 4*p + y = -y + 4. What is the tens digit of -62*p/8*-2?
3
Suppose 7*y + 876 = 11*y. What is the hundreds digit of y?
2
Suppose 5*y = 4*y + 61. What is the tens digit of y?
6
Suppose -2*u + 0*u - 8 = 0, -2*u - 23 = -3*j. Suppose h + 2*h = 4*g + 63, j*h + g - 105 = 0. What is the tens digit of h?
2
What is the hundreds digit of (0*1/(-4))/2 - -134?
1
Suppose -31 = 3*b + b + 5*i, -b + 4*i + 8 = 0. What is the units digit of 75/12 - 3/b?
7
Suppose 25 = 3*m + 2*m. Suppose -m*z + z = 16. Let x(v) = -v**3 - 4*v**2 - 2*v + 2. What is the units digit of x(z)?
0
Suppose 1120 = 2*c + 8*c. What is the tens digit of c?
1
Let s = -8 - -11. Suppose 6*l - s*l = 15. Suppose 3*k - 6 = -2*t, 2*k - l*t - 4 = -10*t. What is the units digit of k?
2
Suppose 4*b = -4*y + 12 - 0, 0 = -2*y - b + 7. Let o be (-1)/4 + 41/y. Suppose -5 = -5*r + o. What is the units digit of r?
3
Let g be 1/(-4) - 1970/(-8). Let d = -138 + g. What is the units digit of (-1)/(-4) - d/(-16)?
7
Let f = -19 + 32. Suppose -2*s = 3 - f. What is the units digit of s?
5
Suppose z = 3*z - 2*v - 56, 2*v + 29 = z. What is the tens digit of z?
2
What is the units digit of (-24)/108 - (-1606)/18?
9
Let w be ((-9)/(-12))/(3/12). Suppose 2 = 4*t - 2*t + w*l, t = l + 11. What is the units digit of t?
7
Let o(h) = -h**3 - 12*h**2 + h + 15. Let v be o(-12). Suppose -v*z - 3*l = -126, 2*z - 3*l = l + 84. What is the units digit of z?
2
Let o = 1 - -6. What is the units digit of o?
7
Let p(n) = n + 10. Let h be p(0). Suppose -40 = -2*g + h. What is the tens digit of g?
2
Let g(d) = 85*d + 1. Let r be g(3). Let b be 2/(-6) - r/24. Let f = -5 - b. What is the units digit of f?
6
Suppose 4*z + u = 554, 0 = 4*z + 4*u + u - 562. What is the hundreds digit of z?
1
Suppose -2*s = 2*g - 38, -4*g = -2*s - 9*g + 53. What is the tens digit of ((-20)/s)/((-5)/35)?
1
Suppose 0 = -l - 0*l - 16. Let a = -9 - l. Let x = a + -4. What is the units digit of x?
3
Let h(x) = -x**3 + 4*x**2 + 2*x - 4. Suppose -f + 19 = 2*s, 0*s + 27 = 3*s + f. Suppose -v + s = v. What is the units digit of h(v)?
4
What is the units digit of (-2)/13 - (0 - (-3048)/(-39))?
8
Let f = 13 - 21. Let x = f + 15. What is the units digit of x?
7
Suppose c + r - 46 = 0, 2*c + 0*r - 95 = -r. Let h = 27 - c. What is the units digit of h/(-6) + (-10)/15?
3
Let u = -5 - -11. What is the units digit of (u/4 - 0)*2?
3
Let m = 7 - -56. What is the units digit of m?
3
Suppose -5*p + 10 = -15. Suppose 0 = p*w + 4*l - 64, 6*l = 5*w + 3*l - 57. What is the units digit of w?
2
Suppose -p = -10 + 3. Suppose 0 = -2*q + p + 5. What is the units digit of q/(-4)*(-52)/6?
3
Suppose -o + 294 = 2*f, 3*o - 5*f = 4*o - 279. What is the tens digit of o?
0
Let j(q) = -q**3 - q**2 + 5*q + 3. Let b be j(-3). What is the tens digit of 92/b - (-4)/6?
1
Suppose 3*k + 2*h - 40 = 0, -4*h + 0*h + 44 = 3*k. Let g be (k/(-10))/((-6)/40). Let a(w) = w**3 - 7*w**2 - 9*w + 12. What is the units digit of a(g)?
4
Suppose 0 = k + 3 - 80. Suppose 0 = 5*f + k + 103. What is the units digit of (f/(-10))/(14/35)?
9
Let l = -14 + 18. Suppose 2*q - 3*b = -0*b + 73, -l*q = 3*b - 155. What is the units digit of q?
8
Suppose m + 18 = 4*v, 0 = -v - m + 1 + 6. Suppose 4*p - 5*p + v = 0. What is the units digit of p?
5
Let c = -4 - 8. Let m(x) = -x**3 - 12*x**2 - x + 14. What is the units digit of m(c)?
6
Let i = -6 + -2. What is the units digit of (i/14)/(3/(-21))?
4
Suppose -s = 5*z + 11, -4*s - 3*z + 2 + 5 = 0. Suppose 10 = -s*n + 50. What is the tens digit of n?
1
Let t = 90 + -49. What is the tens digit of t?
4
Suppose 3*z + 8 = z. What is the units digit of (-2)/(-4) - 2/z?
1
Let i(d) = -7*d + 6. Let f(q) = -q**2 - q. Let m(y) = -f(y) + i(y). What is the units digit of m(6)?
6
Let c(q) = q**3 - 2*q + 6. Let y(m) = 1. Let l(o) = c(o) - 6*y(o). What is the units digit of l(2)?
4
Let z(w) = -4*w**2 - 6*w + 9 + 3*w**2 + 0*w**2. Let c be z(-7). Suppose 4*h = 2*n + c*h + 2, -3*h = -4*n - 2. What is the units digit of n?
1
Let w(f) = 84*f**3 - 1. What is the tens digit of w(1)?
8
Suppose 4*z = -19 - 1. Let p = -1 - z. What is the units digit of p/(-6) - 234/(-27)?
8
Let n(a) = -a**3 + 11*a**2 - 11*a + 8. Let k be n(10). Let q = 2 + k. Suppose q = 2*j + 5*z - 14, -3*j + 30 = -0*j + 3*z. What is the units digit of j?
2
Suppose -3 = 2*k - k. What is the units digit of (-2)/k + (-1)/(-3)?
1
Let n = 72 - -41. What is the tens digit of n?
1
Suppose 3*u = 5*u - 142. What is the units digit of u?
1
Suppose -2*a + 72 = -0*a. Let g be (a/30)/(4/(-10)). What is the tens digit of 355/20 - g/(-4)?
1
Suppose -5 = -3*a + 2*n, -n = 4*a - 0*n - 25. Suppose a = -5*t, -4*o + t + 3 = -6. Suppose o*v - 3*v = -9. What is the units digit of v?
9
Suppose 0 = -0*p - 2*p. Suppose -2*m + 3 = -m. Let x = p + m. What is the units digit of x?
3
Suppose 3*y - 6*y = 18. Let t = 10 + y. What is the units digit of t?
4
Let g = -488 + 735. What is the tens digit of g?
4
Suppose -2*v + 0*v = -10. Suppose -k - 36 = -v*k. What is the units digit of k?
9
Suppose -d = -5*t - 28 - 3, d - 3 = t. Let n = t - -14. What is the units digit of n?
7
Suppose -5*h + 4 = -16. Suppose -4*j + i + 65 = j, -h*j + 52 = 3*i. What is the tens digit of j?
1
Let g = -11 - -3. Let o be 20/16 - (-2)/g. What is the units digit of 1/(17/16 - o)?
6
Let v(y) = -y**2 + y. Let h(n) = 4*n**2 + n. Let r(x) = -h(x) - 3*v(x). Let z be r(-4). Suppose 5*c - 2 = -s - 3*s, z = -2*s - 4. What is the units digit of c?
2
Suppose 7 + 21 = -4*u. Let j(r) = -4*r + 3*r + 3 - 2. What is the units digit of j(u)?
8
Suppose o - 8 = -3*o. What is the units digit of (24/9)/(o/15)?
0
What is the tens digit of ((-2)/(-8))/((-3)/(-132))?
1
What is the tens digit of 2136/21 - (-6)/21?
0
Suppose 2*i = 4*i - 4*w, 0 = -2*w + 2. What is the units digit of 1/(i/3)*10?
5
Let v = 301 - 179. What is the hundreds digit of v?
1
Suppose 2*s = -0*s + 62. What is the units digit of s?
1
Suppose -y - 2*y = -3*k, 4*y = -2*k + 12. Let m(w) = -5*w. Let s be m(k). Let n = -7 - s. What is the units digit of n?
3
Let x = -1 + 2. What is the units digit of (2/(-6))/(x/(-45))?
5
Suppose 19 = -5*b - 1. Let y be b/(-6) + (-3)/(-9). Let g = 2 - y. What is the units digit of g?
1
Let w = 1 - 3. Let y be w/(-3) + (-13)/(-3). Suppose 2*k = y*k - 18. What is the units digit of k?
6
Suppose -8*z = -3*z - 90. Let u = -12 + z. Suppose r - 2 = u. What is the units digit of r?
8
Suppose 0 = 5*v - 69 + 9. Suppose -v = -2*l + 10. What is the units digit of l?
1
Let a be 16/3 + (-6)/(-9). Suppose -5*g - 33 = -2*u + a, 3*g + 57 = 4*u. What is the units digit of u?
2
What is the units digit of -1 - -36 - (6 + -6 + 2)?
3
Suppose 0 = -k + 4*l + 31, 5*k - l - 4*l - 110 = 0. Suppose 30 = -4*v - 6*v. Let a = k + v. What is the tens digit of a?
1
Suppose 0 = w, -6*h + w = -3*h - 594. What is the units digit of h?
8
Suppose 4*m - 2 = -2*v, 4*m = 2*m + 3*v + 13. Let j = m + 3. Suppose -j*o + 8 = -17. What is the units digit of o?
5
Let m = 20 + -1. What is the tens digit of m?
1
Suppose -3*w = 6 - 0. Let h be w + 4 - (-110)/2. Suppose h - 17 = 3*i - 5*v, 0 = -i + 2*v + 15. What is the units digi